e c(7). Suppose -t*v = -m*v + 16. What is x(v)?
1
Let v(n) = n + 5. Let x = 1 - 5. Calculate v(x).
1
Let y(r) be the third derivative of -r**5/120 - r**4/24 - r**3/2 + 3*r**2. Let i(l) be the first derivative of y(l). Let x = 1 + -2. Calculate i(x).
0
Let q = -7 - -12. Let z = 0 + 3. Let y(c) = z + 2 - 3*c + 2*c + 1. What is y(q)?
1
Let z(s) = s**3 + 5*s**2 - 2*s - 4. Let h(b) = b**2 - 7*b + 6. Let w be 2/8 - (-46)/8. Let g be h(w). Suppose -2*r - 2*k = g, 5*k - 2*k = r + 20. Give z(r).
6
Let f(u) = -18*u**2 - 7*u**2 + 29*u**2 - u**3 - u. Give f(4).
-4
Let a(r) be the third derivative of -r**6/720 - r**5/24 + r**4/24 - r**2. Let h(s) be the second derivative of a(s). Calculate h(-5).
0
Let o(l) = 5*l**3 + 5*l**2 + 2*l - 1. Let x(v) = v**3 + v**2 + v. Let p(t) = -o(t) + 4*x(t). Calculate p(-1).
-1
Let h(z) = z + 5 - 6*z - z + 3*z. Determine h(4).
-7
Let r be 1 - (1 - (-1 - (-3 + -2))). Let u(m) = -m**3 + 6*m**2 - m - 5. What is u(r)?
23
Suppose 0 = -4*y + 6*y - 4*t + 16, 2*y = -2*t + 8. Let l = -24 + 28. Let b(h) = -4*h**2 - l*h + 5 + h**2 + y*h**2 + 2*h**2. What is b(-5)?
0
Let d = 7 - 2. Suppose 7 = d*i + 2. Let b(y) = -7*y. Calculate b(i).
-7
Let i(m) = m**3 + 8*m**2 - 7*m + 11. Let k(l) = -2*l**3 - 18*l**2 - 9. Let h be k(-9). Calculate i(h).
-7
Let r(s) = -s**2 + 7*s - 7. Suppose -2*o = o - 3, -5*p + 2*o + 33 = 0. Calculate r(p).
-7
Suppose 0 = -2*f - f - a - 40, f = -4*a + 5. Let q be f/10 + (-5)/2. Let s(u) = -2*u - 1. What is s(q)?
7
Let d = -29 + 56. Let p = d + -40. Let x be 1*(1 + p)/2. Let r(l) = 2*l + 9. Determine r(x).
-3
Let y(m) = 6*m**2 + 3 + m**3 - 2 + 6 - 1. Determine y(-6).
6
Let q(u) = -1. Let r(k) = -k + 6. Let c(x) = -6*q(x) - r(x). Let l be ((2 + -2)/1)/(-1). Give c(l).
0
Let b(d) = -d - 3. Let c = -2 + 7. Calculate b(c).
-8
Let i be 32/20 + 4/10. Let m(z) = -3*z**3 + 2*z**2 + 2*z - 2. Give m(i).
-14
Suppose -60 = -u - 2*u. Suppose 0 = -2*v - 2*v + u. Suppose -3 = s - 2*s, -4*a + v*s - 31 = 0. Let t(r) = -r**3 - 5*r**2 - 3*r + 2. Calculate t(a).
-2
Let t(m) = -m**2 + m - 1. Let o(k) = -k**2 + k - 2. Let h(z) = 5*o(z) - 6*t(z). Suppose x - 5 = -j + 4*x, 0 = 4*x. Suppose j*f - 6*f = 3. Give h(f).
8
Let u be (4 + -3)/(2/10). Suppose -5*j - u = -5*a, -6 = 4*a - 4*j + 2*j. Let y(t) = -5*t - 5. Determine y(a).
15
Let d(a) = a**2 - 4*a. Suppose -q - 11 - 44 = 0. Let m = q - -80. Suppose 5*k + 0 - m = 0. What is d(k)?
5
Let j(x) = -x**3 + 9*x**2 - 7*x - 3. Let q be (528/440)/(2*3/40). Determine j(q).
5
Suppose 0 = 2*f - 4, 4*f - 1 = -4*x + 11. Suppose -2*j + 3*j = -x. Let m(b) = -1 - 3*b + 4 - 4. What is m(j)?
2
Let u(v) = 0*v - 2 - 2 - v + 5. Give u(-5).
6
Let y be 5/(-10)*4 - (-1 - 0). Let s(d) = d**2 + 2*d + 1. What is s(y)?
0
Suppose 3*i = -i - 12. Let c(b) = 2*b**2 + 3*b + 1. Let y be c(i). Let r(q) = 3*q**2 + 1 + 1 - q**3 - 5*q + y*q. What is r(4)?
6
Let b(t) = 2*t - 4. Let u(g) = 3*g + 1. Let j(f) = -13*f - 4. Let i(o) = -2*j(o) - 9*u(o). Let y be i(2). Let z be 2 + 0 - 0 - y. Calculate b(z).
6
Suppose 4*q + q = 0. Suppose -y + 5 = -q*y. Let w(g) be the third derivative of g**5/60 - 5*g**4/24 - g**3 - 45*g**2. Determine w(y).
-6
Let b(m) = 6*m + 3. Let x be b(-1). Let s(q) = q**3 + 3*q**2 - 2*q - 1. Determine s(x).
5
Let f(g) = 2*g - 1 - 2*g + 2*g. Calculate f(-1).
-3
Let u(c) = c**3 - 2*c**2 + 2*c + 4. Let m be 3 - (2 - (4 - 2)). Let i(z) = -2*z**2 + z**m + 4 - 1 + z + 0*z**3. Let p(f) = -3*i(f) + 2*u(f). Give p(1).
1
Let p(c) be the third derivative of c**6/120 - c**4/24 - c**3/6 + 23*c**2. Determine p(-2).
-7
Let l(k) = -3*k**3 - 2*k**2 + 3*k + 3. Suppose -8 = -4*z + 8*z. Calculate l(z).
13
Let j(n) = -3*n**2 - 9*n - 5. Let x(b) = 5*b**2 + 14*b + 7. Let w(o) = 8*j(o) + 5*x(o). Let s be (0 - -5)*(-12)/(-15). What is w(s)?
3
Suppose -v + 3*u = -u - 20, -16 = 4*u. Let i(a) be the first derivative of a**3 - 3*a + 3/2*a**2 - 1/4*a**v - 2. Determine i(2).
7
Let v(y) = -y**3 - 3*y**2 + 6*y + 3. Let u be v(-4). Let l = u + 3. Let o(w) be the second derivative of -w**4/12 - w**3/2 + w**2 + 2*w. Determine o(l).
4
Let o(r) be the second derivative of r**4/12 + r**2/2 - r. Determine o(0).
1
Let n = 17 - 1. Suppose 3*w = 4*w + 4, -y - 4*w - n = 0. Let j(x) = x**2 - x - 6. Give j(y).
-6
Suppose -2*x = x - 3. Let b(n) = -2*n - 7. Let y be b(-5). Let i(m) = -1 + 1 - y*m. What is i(x)?
-3
Suppose -2*r + 7*r + 110 = 0. Let l be (-3)/(-9) - r/6. Let v(p) = 3*p + p**2 + 4 - l. Calculate v(-4).
4
Let g(u) be the third derivative of 0 + 1/60*u**5 + 5*u**2 - 1/8*u**4 + 0*u - u**3. Give g(5).
4
Let i be 8 + -2 - (-4)/4. Let s = 6 - i. Let u = s + 7. Let c(b) = -b**2 + 7*b - 6. Give c(u).
0
Let h(i) = 1 + i + i**2 - 2 + 6 + 2. Suppose 0*c + 4*c = -c. Calculate h(c).
7
Suppose -m - 8 = -3*m - 2*h, 0 = -2*m - 3*h + 7. Let o(y) = 2 - 6 + y**2 - m*y - 2*y**2. Determine o(-3).
2
Suppose 0 = 7*t - 10*t + 5*f - 7, 0 = -5*t + 3*f + 15. Let z(a) = -14*a - 3. Let u(v) = -5*v - 1. Let s(o) = 11*u(o) - 4*z(o). Determine s(t).
7
Let a(l) be the first derivative of 0*l + 1 - 1/2*l**2. Determine a(-5).
5
Suppose -5*t + 6 = f + 13, 5*t = -2*f - 9. Let w = t - -5. Let j(n) = 2*n**2 + 3*n**2 - w*n**2 + 3 + 4*n. What is j(-2)?
-1
Let h(k) = 3*k**2 - 4*k - 6 - 4*k**2 - 2 + 4. Determine h(-3).
-1
Let r(q) = q**3 + 6*q**2 + 6*q + 4. Suppose 3 = -n + 2*n. Let m(a) = -2*a**2 + 4*a + 1. Let f be m(n). What is r(f)?
-1
Let x be (-4)/6*15/(-2). Let s = 5 + -3. Suppose -y + x = s. Let d(m) = 3*m - 2. Determine d(y).
7
Let p(z) = 13*z**2 - 9*z - 11. Let b(s) = -s**2 + 8*s + 2. Let o be b(9). Let l(u) = -7*u**2 + 5*u + 6. Let d(n) = o*l(n) - 4*p(n). What is d(-2)?
-12
Let r(z) = -4*z**2 + 2. Suppose -16 = 2*i - 5*j, -3*i + 2*i + j = 2. Calculate r(i).
-14
Let r(c) = -c**2 - 8*c - 5. Suppose -2*x - 49 = 2*x + 5*n, 2*x + n + 17 = 0. Give r(x).
7
Let x(c) = 4*c**3 - 6*c**2 - 9*c - 7. Let o(t) = 2*t**3 - 3*t**2 - 4*t - 3. Let r(q) = 9*o(q) - 4*x(q). Determine r(2).
5
Let y(f) be the first derivative of 3 - 3/2*f**2 + f. Give y(2).
-5
Suppose 0 = -4*m + 23 + 1. Let y(a) = -a - 3. Give y(m).
-9
Let v(k) = -k**3 - 18*k - 7 - 21*k - 8*k**2 + 31*k. Give v(-7).
0
Let x(u) be the third derivative of -u**5/60 - u**4/8 + 7*u**3/6 - 20*u**2. Suppose 4*o - 4*d = -16, 2*o = d + 3 - 12. What is x(o)?
-3
Let l(b) = 6*b - 3*b + b + b**2 + 0*b**2 + 3. What is l(-2)?
-1
Let f = 2 - 0. Let j(a) be the second derivative of a**4/12 - 2*a**3/3 + a**2 + 23*a. What is j(f)?
-2
Let p(g) = 3*g**2 + 3*g + 2. Suppose -3*o - 4*c + 14 = 0, 2 = 2*o - 5*c + 31. Calculate p(o).
8
Let r(p) be the second derivative of p**3/6 + 3*p**2 + 6*p. What is r(-5)?
1
Let j(o) = -3*o + 6. Suppose 2*t - 13 - 6 = -3*y, 0 = 2*y - 5*t. Suppose y*z - 2 = -12. Let r = z - -6. Calculate j(r).
-6
Let c(v) = v**3 + 8*v**2 + v - 2*v**2 + 0*v**2. Let s = 13 + -19. What is c(s)?
-6
Let u(c) be the first derivative of -c**4/4 + 4*c**3/3 - c - 2. Let i = -4 + 8. Determine u(i).
-1
Let b(r) be the second derivative of -r**4 + r**3/6 + 4*r. What is b(-1)?
-13
Let h(f) = -3*f**3 - 5*f**2 - f + 3. Let j(c) = -c**3 - c**2 + 1. Suppose 0 = -4*p - 5 + 21. Let a(k) = p*j(k) - h(k). Let v be ((-4)/(-8))/(2/(-4)). Give a(v).
2
Let w be 2/(-4) - 15/(-6). Suppose -w = -4*p + 6. Let o(b) = 3 - 3*b**2 - 1 + 5*b + 4*b**p. Give o(-4).
-2
Let x(p) be the first derivative of -4*p**3/3 - p**2 + 2*p - 2. Suppose 3 = -l + 1. Calculate x(l).
-10
Let q(f) = 6*f**2 - 1 - 1 + 22*f**3 - 23*f**3 - 5*f + 0. Determine q(4).
10
Let k = 76 + -67. Let l(q) = q**2 - 10*q + 1. What is l(k)?
-8
Let z(m) be the first derivative of -2*m**2 - 1/3*m**3 - 2 - m. Give z(-3).
2
Suppose k = 2*k - 5*h - 15, -4*h - 12 = 0. Let l(g) = -g**2 + 14. Calculate l(k).
14
Let i(h) = -h + 1. Let b(d) = -3*d + 6. Let c(r) = b(r) - 4*i(r). Let w be c(0). Let j(a) = 1 - 5*a**w - 2*a + a + a**3 + 0*a**2. Calculate j(5).
-4
Suppose -3*n = -3*h + 6, -19 = -h - 4*h - 4*n. Let t = h - 2. Let j(x) = -5*x**2 - 1. Give j(t).
-6
Let g be (-17)/(-5) - 32/80. Let w(o) = -o - 2. Give w(g).
-5
Let d(h) = -h + 3. Let j be d(6). Let g(i) = -i + 2. Let p be g(j). Let m(k) = 0*k**3 + 6*k - 1 - 6*k**2 - 3 + k**3. Determine m(p).
1
Let s(c) = -c**3 + c + 1. Let u be s(2). Let z(g) = g - 6. Let i(f) = -f. Let t(x) = -2*i(x) - z(x). What is t(u)?
1
Let m(w) = 0 - 3*w - 1 - 2*w**2 - 1. Let p(b) = b - 22. Le